 what is 3 + 113?
116
In base 3, what is -210101 - -2?
-210022
In base 7, what is 10025 + 4?
10032
In base 9, what is -7 - 275?
-283
In base 15, what is 6 - 11b?
-115
In base 16, what is 14c - 0?
14c
In base 16, what is -47 - 0?
-47
In base 13, what is 0 - 670?
-670
In base 12, what is -3b2 - -3?
-3ab
In base 16, what is 85 - -d3?
158
In base 13, what is -527c - 1?
-5280
In base 10, what is 2 + 102?
104
In base 10, what is 1068 - 0?
1068
In base 15, what is 435 + -5?
430
In base 16, what is -a + -11?
-1b
In base 15, what is -322 + -3?
-325
In base 2, what is 1101 + 110101110?
110111011
In base 4, what is 2 - 111201?
-111133
In base 4, what is 1101230 - 0?
1101230
In base 12, what is 1 + -1a76?
-1a75
In base 8, what is -35 - -3?
-32
In base 16, what is 1 + 2a9?
2aa
In base 4, what is 22 + 1311?
1333
In base 15, what is 0 + 27?
27
In base 11, what is -5 - 66?
-70
In base 15, what is 19e - 0?
19e
In base 11, what is -1310 - 3?
-1313
In base 12, what is -328 + -4?
-330
In base 14, what is 418 + 5?
41d
In base 15, what is 21e + -3?
21b
In base 16, what is -b53 + 2?
-b51
In base 13, what is 2 - -2ba?
2bc
In base 16, what is 26 + 9?
2f
In base 10, what is 15 - -82?
97
In base 9, what is 3 + -13?
-10
In base 14, what is 33 - -74?
a7
In base 3, what is -12 + 10011?
2222
In base 11, what is -11 + 29?
18
In base 13, what is -9214 - 2?
-9216
In base 2, what is -1111000101 + 0?
-1111000101
In base 11, what is 1 - aa?
-a9
In base 8, what is 1252 - 0?
1252
In base 13, what is -b - 3c?
-4a
In base 4, what is 3 - 111?
-102
In base 12, what is -19 - 4?
-21
In base 5, what is -2 + 111312?
111310
In base 14, what is -1282 - 4?
-1286
In base 8, what is -37 - -1?
-36
In base 14, what is -4 + 158?
154
In base 15, what is e + e?
1d
In base 15, what is 71a + 3?
71d
In base 16, what is -175 + 18?
-15d
In base 12, what is -a0 - -4?
-98
In base 7, what is 3 + 31?
34
In base 3, what is 200 + -11200?
-11000
In base 11, what is -9 + -312?
-320
In base 9, what is 66 - -5?
72
In base 16, what is e9d - 1?
e9c
In base 6, what is 10 + 4253?
4303
In base 3, what is 121011 - -1?
121012
In base 6, what is -13 - 300?
-313
In base 5, what is 102 + 20010?
20112
In base 2, what is 110 + -10100?
-1110
In base 14, what is -2 - -458?
456
In base 8, what is -5 + 17?
12
In base 13, what is -1400 + -5?
-1405
In base 10, what is 2 + 4589?
4591
In base 12, what is 1 - 5b4?
-5b3
In base 12, what is 1a5 - 4?
1a1
In base 2, what is -111001111111 - -1?
-111001111110
In base 2, what is -10101001 - -1001001?
-1100000
In base 12, what is -29 - 30?
-59
In base 8, what is 53045 + 0?
53045
In base 7, what is -1144 + -2?
-1146
In base 12, what is 2 + 79?
7b
In base 13, what is -29 + 2a?
1
In base 15, what is -6d56 - 0?
-6d56
In base 2, what is -101111 + -111100010?
-1000010001
In base 4, what is 111322 + 3?
111331
In base 6, what is 5303 + 1?
5304
In base 12, what is 15a0 - -2?
15a2
In base 3, what is -111 + 120?
2
In base 7, what is -20410 - -5?
-20402
In base 13, what is -18 + 922?
907
In base 9, what is 570 + -2?
567
In base 16, what is 10c1 - 4?
10bd
In base 2, what is -10010111 - 110?
-10011101
In base 12, what is 2 + a3?
a5
In base 8, what is -10 - 71?
-101
In base 12, what is 2 + -55a?
-558
In base 7, what is 13 - 116?
-103
In base 16, what is 4 + -68?
-64
In base 8, what is 6 + 644?
652
In base 7, what is 1 + 206?
210
In base 6, what is -5 + -4024?
-4033
In base 15, what is 0 - 30?
-30
In base 9, what is 3510 + 2?
3512
In base 9, what is -7 - 238?
-246
In base 12, what is 1 - a9?
-a8
In base 16, what is -1a - -1?
-19
In base 10, what is -44 + -1?
-45
In base 6, what is -1243 + -3?
-1250
In base 5, what is 2011 - 2?
2004
In base 16, what is -485 + 5?
-480
In base 6, what is 2535 - 1?
2534
In base 7, what is -40 - 1?
-41
In base 6, what is -5 - 104?
-113
In base 8, what is -32 - 12?
-44
In base 10, what is 215 + 1?
216
In base 3, what is -1020 + -1?
-1021
In base 5, what is -234 + -2?
-241
In base 3, what is 202110 - -1?
202111
In base 11, what is 147 - -3?
14a
In base 16, what is 1 - -13d?
13e
In base 6, what is 2032 - 0?
2032
In base 4, what is 10013 - 110?
3303
In base 13, what is -2 - 608?
-60a
In base 10, what is -476 - -1?
-475
In base 11, what is -4 + 9a?
96
In base 5, what is -3 - -10044?
10041
In base 2, what is -11 - 110011?
-110110
In base 11, what is -321 - 0?
-321
In base 16, what is 3 + -61?
-5e
In base 11, what is 4 - -25?
29
In base 4, what is -11133 + 110?
-11023
In base 9, what is -178 - 1?
-180
In base 3, what is 2210 + -10200?
-220
In base 5, what is 4 - 2103?
-2044
In base 6, what is -234 + -5?
-243
In base 2, what is -11110 - -1000?
-10110
In base 5, what is -4 - 444?
-1003
In base 8, what is 3 + 35?
40
In base 3, what is -1002121 + 21?
-1002100
In base 7, what is -540 - -22?
-515
In base 12, what is 5 - 11a?
-115
In base 14, what is -45 - -7?
-3c
In base 3, what is 212212 + 2?
212221
In base 11, what is -6 - 54?
-5a
In base 11, what is -71 - -3?
-69
In base 2, what is -10111 - 111100100?
-111111011
In base 9, what is -10402 - -1?
-10401
In base 5, what is -2 + 14414?
14412
In base 2, what is 0 + -1011111?
-1011111
In base 5, what is -104 + 12?
-42
In base 9, what is -5 + 34?
28
In base 2, what is -10000010 - 1101101?
-11101111
In base 7, what is -456 + -5?
-464
In base 8, what is 70 + 5?
75
In base 9, what is -1566 + -7?
-1574
In base 11, what is 380 - -15?
395
In base 16, what is -a - 110?
-11a
In base 15, what is 39 + d7?
121
In base 12, what is -23 + 135?
112
In base 15, what is -b4 + -1?
-b5
In base 12, what is 0 + -12?
-12
In base 5, what is -3120 + 0?
-3120
In base 16, what is -60 - 2?
-62
In base 3, what is 0 + 2220?
2220
In base 5, what is 104342 - -10?
104402
In base 10, what is -1096 - -1?
-1095
In base 14, what is 6 - -75?
7b
In base 4, what is 2122 + -31?
2031
In base 8, what is -23 - -570?
545
In base 13, what is -5c0a + -2?
-5c0c
In base 4, what is 0 - 1100010?
-1100010
In base 6, what is 1 + -4515?
-4514
In base 4, what is -3 - -13?
10
In base 12, what is 1814 - 5?
180b
In base 5, what is -44 - 23?
-122
In base 9, what is -8 + 645?
636
In base 3, what is -100020212 - 1?
-100020220
In base 11, what is -6745 + -3?
-6748
In base 6, what is 153 + 0?
153
In base 8, what is -120 - 22?
-142
In base 7, what is 616 - -4?
623
In base 3, what is -2002 + 100?
-1202
In base 14, what is -2 + 7d8?
7d6
In base 3, what is 11000 - -12?
11012
In base 10, what is 5 + -232?
-227
In base 7, what is 14 + 0?
14
In base 13, what is -5 + -11b?
-123
In base 8, what is 214 - 20?
174
In base 13, what is 82 - 6?
79
In base 5, what is 221 - 4?
212
In base 8, what is 1 - -756?
757
In base 8, what is 572 - 0?
572
In base 9, what is 22 - -13?
35
In base 3, what is 12 - 21022221?
-21022202
In base 11, what is -20 + -50?
-70
In base 11, what is -1063 - -4?
-105a
In base 6, what is 1 + -453?
-452
In base 4, what is -130 - -233?
103
In base 14, what is 5 + 1d9?
200
In base 5, what is 0 + -20322?
-20322
In base 10, what is 27 - 112?
-85
In base 10, what is 20 + 16?
36
In base 11, what is -55 + 2?
-53
In base 2, what is 1001110100 - -1011?
1001111111
In base 4, what is -30 - 202?
-232
In base 9, what is 6 + 18?
25
In base 4, what is -103100 - -3?
-103031
In base 4, what is -3 + 32?
23
In base 11, what is 66 + 125?
190
In base 4, what is -1312 + 10?
-1302
In base 9, what is -800 - -7?
-782
In base 14, what is 0 + 199?
199
In base 12, what is -a + -70?
-7a
In base 16, what is 1e + -19?
5
In base 10, what is -280 - -4?
-276
In base 12, what is a - 21?
-13
In base 12, what is 2093 + -5?
208a
In base 5, what is 1100 - 0?
1100
In base 5, what is -4 + -100?
-104
In base 7, what is 16 - -1?
20
In base 15, what is 5 - -84?
89
In base 11, what is 953 + -1?
952
In base 2, what is -1000 + -111?
-1111
In base 6, what is -12 - -1141?
1125
In base 12, what is -2 - 17a8?
-17aa
In base 2, what is 10 - -110010?
110100
In base 9, what is -633 - 5?
-638
In base 10, what is -8 - 11?
-19
In base 6, what is -3 - -155?
152
In base 8, what is -35 + 313?
256
In base 10, what is -6 + 8?
2
In base 13, what is 12 - 11?
1
In base 11, what is -62a6 + 5?
-62a1
In base 15, what is 2d3 + 3?
2d6
In base 3, what is 101 + 202?
1010
In base 5, what is 341 - -3?
344
In base 8, what is -4 + 340?
334
In base 9, what is -115 - -21?
-84
